actor of 560 and 3970.
10
Calculate the greatest common divisor of 276 and 1173.
69
What is the greatest common divisor of 9620 and 702?
26
Calculate the greatest common divisor of 5254 and 3922.
74
What is the highest common divisor of 6 and 1156?
2
Calculate the greatest common factor of 132916 and 3636.
404
What is the greatest common divisor of 653518 and 402?
134
What is the greatest common factor of 73839 and 3171?
453
Calculate the highest common factor of 11700 and 1287.
117
Calculate the greatest common factor of 142923 and 3477.
183
Calculate the highest common factor of 3403 and 2905.
83
What is the highest common factor of 104017 and 3481?
59
Calculate the greatest common factor of 51183 and 242.
121
What is the greatest common divisor of 7448 and 11?
1
Calculate the highest common divisor of 32980 and 180.
20
Calculate the highest common factor of 175912 and 847.
11
Calculate the greatest common factor of 446 and 467408.
446
Calculate the greatest common divisor of 1139484 and 6.
6
What is the highest common factor of 224 and 19112?
8
Calculate the highest common divisor of 66 and 51018.
66
What is the greatest common divisor of 72 and 507222?
18
What is the highest common factor of 33592 and 343824?
1976
What is the highest common factor of 1046178 and 4347?
1449
Calculate the greatest common factor of 2386564 and 61.
61
What is the highest common factor of 7059 and 287971?
181
Calculate the greatest common factor of 176054 and 76.
38
What is the greatest common divisor of 105164 and 3879?
431
Calculate the greatest common factor of 1640 and 129620.
20
What is the greatest common divisor of 263030 and 580?
290
Calculate the highest common factor of 214553 and 82.
41
What is the highest common factor of 6 and 40416?
6
What is the greatest common factor of 1027718 and 181?
181
Calculate the greatest common factor of 412 and 52427.
103
Calculate the greatest common factor of 209 and 81312.
11
What is the greatest common divisor of 63052 and 1034?
22
Calculate the highest common factor of 391 and 114563.
391
Calculate the greatest common factor of 1856714 and 62.
62
What is the greatest common divisor of 203 and 35757?
29
Calculate the highest common factor of 88 and 895928.
88
Calculate the highest common factor of 10 and 58470.
10
What is the highest common divisor of 10373 and 164?
41
Calculate the greatest common factor of 600 and 56796.
12
Calculate the greatest common divisor of 3704 and 1128.
8
What is the greatest common factor of 11479 and 90066?
883
Calculate the greatest common divisor of 7455 and 4956.
21
What is the highest common factor of 33996 and 6?
6
Calculate the greatest common factor of 1634996 and 44.
44
What is the greatest common divisor of 313449 and 6410?
641
What is the highest common factor of 12 and 64266?
6
What is the highest common divisor of 325 and 11440?
65
What is the highest common factor of 416 and 92729?
13
What is the greatest common factor of 2849850 and 1350?
1350
What is the highest common factor of 9506 and 66934?
98
Calculate the highest common divisor of 89869 and 13.
13
What is the greatest common divisor of 240 and 42030?
30
Calculate the highest common factor of 6246 and 99.
9
Calculate the highest common divisor of 1686895 and 175.
35
Calculate the greatest common factor of 47918 and 7670.
26
Calculate the highest common divisor of 51 and 2474877.
51
Calculate the greatest common divisor of 6259 and 2.
1
Calculate the highest common factor of 28237 and 23375.
187
Calculate the highest common factor of 177 and 2088.
3
What is the greatest common divisor of 22815 and 65?
65
Calculate the highest common divisor of 4606 and 294.
98
Calculate the highest common factor of 1504 and 1363.
47
Calculate the greatest common divisor of 9033350 and 50.
50
What is the highest common factor of 42 and 136101?
21
Calculate the highest common divisor of 7 and 1595384.
7
What is the highest common factor of 210 and 11150370?
210
What is the greatest common divisor of 10285 and 11?
11
Calculate the greatest common factor of 151293 and 111.
111
What is the highest common factor of 310366 and 70?
14
Calculate the greatest common divisor of 12390318 and 9.
9
Calculate the greatest common factor of 187 and 42647.
11
What is the highest common factor of 60 and 175968?
12
What is the greatest common factor of 559423 and 8129?
739
What is the highest common divisor of 9301 and 1179?
131
What is the highest common factor of 13914256 and 752?
752
What is the highest common factor of 18 and 1126?
2
What is the highest common factor of 6068 and 592?
148
What is the greatest common divisor of 2882 and 22?
22
Calculate the highest common divisor of 1006746 and 78.
78
Calculate the greatest common factor of 1476 and 2088.
36
Calculate the highest common factor of 840 and 25840.
40
What is the highest common divisor of 305008 and 1936?
176
What is the highest common factor of 206298 and 90?
18
Calculate the greatest common divisor of 2520 and 192465.
315
What is the greatest common divisor of 7683 and 7566?
39
What is the highest common divisor of 2616 and 5335986?
654
Calculate the highest common factor of 2935318 and 886.
886
Calculate the highest common factor of 928 and 79141.
29
What is the highest common divisor of 61957 and 251335?
1169
Calculate the highest common factor of 8016 and 61623.
501
What is the highest common divisor of 96 and 73856?
32
What is the highest common factor of 36 and 847776?
12
What is the greatest common factor of 87 and 56289?
87
Calculate the highest common divisor of 19364 and 159444.
412
Calculate the highest common divisor of 1162455 and 35.
35
What is the greatest common factor of 8988 and 168?
84
What is the highest common factor of 218 and 11?
1
Calculate the greatest common factor of 201 and 1808397.
201
What is the greatest common factor of 452078 and 121?
11
Calculate the highest common divisor of 255 and 9622.
17
Calculate the highest common factor of 353 and 1.
1
What is the highest common factor of 62 and 175584?
62
Calculate the highest common divisor of 3186 and 354472.
118
What is the highest common divisor of 10761 and 24361?
17
What is the greatest common divisor of 15725 and 66674?
629
Calculate the highest common factor of 621 and 16307.
23
What is the greatest common divisor of 996374 and 122?
122
What is the highest common divisor of 327500 and 147500?
2500
What is the greatest common factor of 2490 and 480?
30
What is the greatest common divisor of 8 and 1201820?
4
What is the highest common factor of 43 and 1572295?
43
Calculate the greatest common factor of 2562 and 2457.
21
Calculate the greatest common factor of 5134 and 10098.
34
What is the greatest common divisor of 21454 and 170?
34
Calculate the highest common divisor of 10465 and 260.
65
What is the highest common factor of 190 and 14370?
10
Calculate the highest common divisor of 1264 and 432.
16
What is the highest common divisor of 44 and 2293588?
44
What is the greatest common factor of 25268 and 64?
4
Calculate the highest common factor of 2096 and 10873.
131
What is the greatest common divisor of 4065 and 22305?
15
What is the greatest common divisor of 57231 and 9?
9
Calculate the highest common factor of 29087 and 85.
17
What is the greatest common factor of 5226 and 2886?
78
Calculate the highest common divisor of 74 and 79934.
2
What is the greatest common factor of 80352 and 40500?
324
Calculate the greatest common divisor of 27853 and 1127.
161
Calculate the highest common divisor of 33462 and 22594.
286
What is the highest common divisor of 15933 and 1833?
141
What is the highest common factor of 162891 and 117?
9
Calculate the highest common factor of 72457 and 77.
77
Calculate the greatest common divisor of 550 and 265375.
275
What is the greatest common factor of 19206 and 3828?
66
Calculate the greatest common factor of 216 and 2179656.
216
What is the greatest common divisor of 822909 and 57?
57
What is the highest common divisor of 800 and 858720?
160
Calculate the highest common divisor of 116428 and 2444.
52
What is the greatest common factor of 33756 and 34104?
348
What is the greatest common divisor of 105712 and 16?
16
Calculate the highest common divisor of 655263 and 135.
